74
Calculate the remainder when 53 is divided by 17.
2
What is the remainder when 216 is divided by 20?
16
What is the remainder when 87 is divided by 13?
9
What is the remainder when 1222 is divided by 36?
34
What is the remainder when 644 is divided by 18?
14
Calculate the remainder when 336 is divided by 26.
24
What is the remainder when 404 is divided by 81?
80
What is the remainder when 374 is divided by 126?
122
What is the remainder when 144 is divided by 7?
4
What is the remainder when 570 is divided by 115?
110
What is the remainder when 207 is divided by 95?
17
What is the remainder when 2069 is divided by 651?
116
What is the remainder when 332 is divided by 13?
7
Calculate the remainder when 124 is divided by 54.
16
What is the remainder when 55 is divided by 19?
17
What is the remainder when 810 is divided by 7?
5
Calculate the remainder when 132 is divided by 53.
26
Calculate the remainder when 299 is divided by 51.
44
Calculate the remainder when 201 is divided by 17.
14
What is the remainder when 316 is divided by 11?
8
What is the remainder when 1204 is divided by 393?
25
Calculate the remainder when 236 is divided by 60.
56
What is the remainder when 10087 is divided by 104?
103
Calculate the remainder when 94 is divided by 25.
19
Calculate the remainder when 1848 is divided by 1846.
2
Calculate the remainder when 67 is divided by 16.
3
What is the remainder when 1105 is divided by 41?
39
What is the remainder when 3720 is divided by 113?
104
Calculate the remainder when 10845 is divided by 226.
223
Calculate the remainder when 286 is divided by 17.
14
Calculate the remainder when 361 is divided by 132.
97
What is the remainder when 9184 is divided by 121?
109
Calculate the remainder when 1434 is divided by 446.
96
Calculate the remainder when 1596 is divided by 30.
6
Calculate the remainder when 855 is divided by 169.
10
Calculate the remainder when 541 is divided by 22.
13
Calculate the remainder when 94861 is divided by 112.
109
Calculate the remainder when 366 is divided by 177.
12
What is the remainder when 319 is divided by 177?
142
What is the remainder when 273 is divided by 47?
38
What is the remainder when 219 is divided by 39?
24
What is the remainder when 69 is divided by 39?
30
What is the remainder when 133 is divided by 27?
25
Calculate the remainder when 392 is divided by 3.
2
What is the remainder when 396 is divided by 180?
36
Calculate the remainder when 3232 is divided by 36.
28
Calculate the remainder when 1042 is divided by 36.
34
What is the remainder when 10695 is divided by 3562?
9
What is the remainder when 704 is divided by 182?
158
What is the remainder when 735 is divided by 145?
10
What is the remainder when 615 is divided by 89?
81
Calculate the remainder when 42 is divided by 17.
8
What is the remainder when 123 is divided by 63?
60
What is the remainder when 186 is divided by 40?
26
Calculate the remainder when 1261 is divided by 208.
13
What is the remainder when 5848 is divided by 27?
16
What is the remainder when 2529 is divided by 161?
114
What is the remainder when 39 is divided by 5?
4
What is the remainder when 598 is divided by 59?
8
Calculate the remainder when 332 is divided by 114.
104
Calculate the remainder when 81 is divided by 29.
23
Calculate the remainder when 247 is divided by 81.
4
Calculate the remainder when 598 is divided by 121.
114
What is the remainder when 362 is divided by 93?
83
Calculate the remainder when 174 is divided by 32.
14
What is the remainder when 738 is divided by 93?
87
What is the remainder when 343 is divided by 110?
13
What is the remainder when 91 is divided by 14?
7
What is the remainder when 13577 is divided by 10?
7
Calculate the remainder when 382 is divided by 138.
106
Calculate the remainder when 306 is divided by 56.
26
What is the remainder when 201 is divided by 12?
9
Calculate the remainder when 118 is divided by 106.
12
What is the remainder when 470 is divided by 9?
2
Calculate the remainder when 851 is divided by 122.
119
What is the remainder when 422 is divided by 24?
14
What is the remainder when 589 is divided by 7?
1
Calculate the remainder when 39 is divided by 11.
6
What is the remainder when 341 is divided by 69?
65
Calculate the remainder when 284 is divided by 7.
4
What is the remainder when 170 is divided by 56?
2
Calculate the remainder when 1550 is divided by 441.
227
Calculate the remainder when 61 is divided by 3.
1
Calculate the remainder when 972 is divided by 384.
204
What is the remainder when 2045 is divided by 36?
29
What is the remainder when 3037 is divided by 32?
29
What is the remainder when 148 is divided by 46?
10
What is the remainder when 655 is divided by 650?
5
Calculate the remainder when 1546 is divided by 97.
91
What is the remainder when 140 is divided by 22?
8
What is the remainder when 451 is divided by 145?
16
Calculate the remainder when 259 is divided by 58.
27
What is the remainder when 126 is divided by 35?
21
Calculate the remainder when 27 is divided by 1.
0
Calculate the remainder when 274 is divided by 4.
2
What is the remainder when 981 is divided by 163?
3
What is the remainder when 217 is divided by 22?
19
Calculate the remainder when 294 is divided by 30.
24
What is the remainder when 219 is divided by 37?
34
What is the remainder when 73 is divided by 38?
35
What is the remainder when 2331 is divided by 294?
273
Calculate the remainder when 147 is divided by 15.
12
What is the remainder when 4352 is divided by 14?
12
What is the remainder when 295 is divided by 20?
15
What is the remainder when 1236 is divided by 21?
18
Calculate the remainder when 71 is divided by 25.
21
Calculate the remainder when 281 is divided by 19.
15
What is the remainder when 15411 is divided by 7?
4
Calculate the remainder when 19339 is divided by 29.
25
Calculate the remainder when 1479 is divided by 101.
65
What is the remainder when 83 is divided by 8?
3
What is the remainder when 5623 is divided by 97?
94
What is the remainder when 4912 is divided by 20?
12
What is the remainder when 424 is divided by 11?
6
What is the remainder when 296 is divided by 50?
46
Calculate the remainder when 96 is divided by 44.
8
Calculate the remainder when 137 is divided by 38.
23
Calculate the remainder when 101 is divided by 94.
7
Calculate the remainder when 436 is divided by 11.
7
Calculate the remainder when 194 is divided by 97.
0
Calculate the remainder when 1064 is divided by 82.
80
What is the remainder when 217 is divided by 63?
28
Calculate the remainder when 258 is divided by 155.
103
Calculate the remainder when 834 is divided by 145.
109
Calculate the remainder when 222 is divided by 28.
26
Calculate the remainder when 6147 is divided by 75.
72
What is the remainder when 190 is divided by 39?
34
Calculate the remainder when 1698 is divided by 17.
15
Calculate the remainder when 198 is divided by 98.
2
Calculate the remainder when 71 is divided by 16.
7
Calculate the remainder when 142 is divided by 31.
18
Calculate the remainder when 76 is divided by 26.
24
What is the remainder when 224 is divided by 49?
28
Calculate the remainder when 260 is divided by 147.
113
What is the remainder when 1216 is divided by 14?
12
What is the remainder when 402 is divided by 101?
99
What is the remainder when 49 is divided by 15?
4
Calculate the remainder when 439 is divided by 18.
7
What is the remainder when 143 is divided by 49?
45
What is the remainder when 128 is divided by 45?
38
What is the remainder when 2815 is divided by 141?
136
Calculate the remainder when 837 is divided by 60.
57
What is the remainder when 520 is divided by 18?
16
Calculate the remainder when 623 is divided by 45.
38
What is the remainder when 272 is divided by 31?
24
Calculate the remainder when 1216 is divided by 244.
240
Calculate the remainder when 929 is divided by 93.
92
What is the remainder when 813 is divided by 48?
45
Calculate the remainder when 317 is divided by 160.
157
What is the remainder when 381 is divided by 106?
63
Calculate the remainder when 45 is divided by 32.
13
Calculate the remainder when 52 is divided by 11.
8
Calculate the remainder when 677 is divided by 84.
5
Calculate the remainder when 88 is divided by 21.
4
W